by q/v + (-26)/(-6)?
2
Suppose 0 = 118*u - 113*u - 270. Calculate the remainder when u is divided by 11.
10
Suppose -2*r - r = 6. Let l = 3 + r. Calculate the remainder when 25/l - 0/(-1) is divided by 14.
11
Let x = 49 + -45. Suppose u + 4*b + 5 = 12, -4*b + 40 = x*u. Calculate the remainder when u is divided by 4.
3
Let k = 80 + 29. Suppose -29*z + 28 = -28*z. What is the remainder when k is divided by z?
25
Suppose -2*o + a = -138, -a = 5*o - 121 - 210. Suppose -89 = -18*f + 325. What is the remainder when o is divided by f?
21
Let i be 5/(-15)*4*(-15)/4. Let t(z) = z**2 + 2*z + 1. Let m be t(-1). Suppose m*l + i*l - 35 = 0. Calculate the remainder when 23 is divided by l.
2
Suppose 4*c - 356 = 2*v + 2*v, 2*c - 208 = -4*v. Suppose 0 = -128*b + 135*b - 98. What is the remainder when c is divided by b?
10
Suppose 1276 + 194 = 14*k. Calculate the remainder when k is divided by 18.
15
Suppose 4*j + 0*j = 8. Suppose -2*z = 4*b - 228, -j*b + 715 = 5*z + 121. Suppose -5*f + z = f. What is the remainder when 58 is divided by f?
18
Let o(w) = -11*w - 5. Let t(n) = 10*n + 4. Let s(u) = -3*o(u) - 4*t(u). Calculate the remainder when s(-2) is divided by (-6)/69 + 117*(-10)/(-230).
3
Let w = -71 + 67. Suppose 6*m - 93 = 3*m. What is the remainder when (16 + w)*205/20 is divided by m?
30
Let a = 3244 - 3239. Calculate the remainder when 104 is divided by a.
4
Let t be (-1)/((-3)/1218) - -4. Suppose -n + t = 4*n. Calculate the remainder when n is divided by 21.
19
Let x(w) = -w**2 - 12*w - 7. Let t be 1/(4/(-14))*2. Let f be x(t). Suppose 2*z + 1 - f = -c, -2*c - 81 = -5*z. Calculate the remainder when 27 is divided by z.
12
Let s be 77 + 6*(-2)/4. Let y(z) = 6*z**3 + z. Let v be y(1). Let p = s - v. Calculate the remainder when p is divided by 14.
11
Let c(s) = 2*s**2 + s - 40. Suppose 9 = 3*n + 5*r + 14, -5*n = -r - 29. Calculate the remainder when 57 is divided by c(n).
12
Let b(t) = t**3 - 6*t**2 + 2*t + 3. Let z be b(4). Let j = z + 63. Suppose j = 5*x - 48. What is the remainder when 51 is divided by x?
15
Let p(f) be the second derivative of f**4/12 + f**3 - 15*f**2/2 + 10*f. What is the remainder when p(6) is divided by 12?
9
Let g be 3 - (4 - 3)*-293. Suppose 0 = 2*a - 5*r - 625, a + 0*a - g = -3*r. Suppose -5*c - a = -10*c. Calculate the remainder when c is divided by 21.
19
Let a(t) = 2*t**3 - 2*t**2 - 14*t - 8. What is the remainder when a(8) is divided by 30?
26
Suppose -3*r + 2*r + 2 = 0. Let c(b) = -b - 9. Calculate the remainder when c(-13) is divided by r.
0
Suppose -7*v = -6*v - 126. Calculate the remainder when v is divided by 23.
11
Suppose 0 = -0*x + x - 3*m + 1, 3*x - 2*m = 11. What is the remainder when 14 is divided by x?
4
Let z(b) = -29*b**3 + 16*b**3 - 6*b + b - 5*b**2. What is the remainder when 77 is divided by z(-1)?
12
Suppose 0*r - 3*r - 66 = 0. Calculate the remainder when (r + 6)*28/(-8) is divided by 12.
8
Suppose -4*y + 7*y - 27 = 0. Suppose -m + 86 = g + 49, -4*g + 43 = m. Calculate the remainder when m is divided by y.
8
Let n = 132 - 72. Suppose -6*a + 4*a + n = 0. What is the remainder when a is divided by 11?
8
Suppose -4*k - 3*j + 38 = 0, -3*j + 2*j + 26 = 3*k. Let x(n) = 2*n**2 - 6*n + 1. Calculate the remainder when x(-3) is divided by k.
5
Let o = -5 + 13. What is the remainder when o is divided by -5 + (-24)/(-6) + 6?
3
Let p(s) = -s + 35. What is the remainder when 184 is divided by p(16)?
13
Calculate the remainder when (-4)/10 + (-6839)/210*-6 is divided by 14.
13
What is the remainder when 98 is divided by (-277)/(-11) - (-66)/(-363)?
23
Calculate the remainder when 270 is divided by -2 + (-1)/(3 - 545/180).
32
Let h be (1 - 179)*(-5)/(-10). Let x = -47 - h. Calculate the remainder when x is divided by 22.
20
Let m(a) be the second derivative of a**4/12 - a**3/3 + 7*a**2 - 3*a. Calculate the remainder when m(-5) is divided by 13.
10
Suppose 545 + 148 = 11*j. Calculate the remainder when j is divided by 18.
9
Let c = -5 - -29. Suppose 2*b + 4*f = 16, 43 = 4*b - 2*f + 1. Calculate the remainder when c is divided by b.
4
Suppose 6*b - 247 = 347. Calculate the remainder when b is divided by 21.
15
Suppose -39 = 6*m - 327. Suppose 95*k + m = 97*k. What is the remainder when 94 is divided by k?
22
Let m = -236 - -317. What is the remainder when m is divided by 12?
9
Suppose -q - 12 + 10 = 0. Suppose 0 = d + 4*u + 3, -3*d - 2*u - 2*u = -23. What is the remainder when d is divided by (q - -3) + 56/8?
5
Let w(o) = -3*o - 11. Suppose -3 = s - 40. Suppose s = -5*j + 3*u, 0*j - 5*u - 45 = 5*j. What is the remainder when 36 is divided by w(j)?
10
Let i = 349 - 333. What is the remainder when 44 is divided by i?
12
Suppose 2*q = 2*b - 12, 0*q - 24 = 4*q + b. Let s = q + 10. Suppose -j = -2*j + s. Calculate the remainder when j is divided by 2.
0
Suppose 13*c - 3*t - 1173 = 10*c, 0 = 4*c - 3*t - 1560. What is the remainder when c is divided by 23?
19
Suppose 0 = -4*x + 56 + 16. What is the remainder when 157 is divided by x?
13
Let g = 25 + 8. Let j be (-2 - (-11)/3)*3. Suppose -35 = -j*l + 5*o, 3*o - 8*o = -25. Calculate the remainder when g is divided by l.
9
Let f(r) = -6*r + 48. Suppose 0 = -5*z - 27 - 28. What is the remainder when f(z) is divided by 29?
27
Let q(c) be the second derivative of c**4/12 + c**3/2 - c**2/2 + 4*c. Suppose 4*r = 6*r - 5*m + 1, -4*m = -4. What is the remainder when q(-5) is divided by r?
1
Let w = -121 - -134. What is the remainder when 49 is divided by w?
10
Let v = 1876 - 1866. Let b = 0 - -3. Calculate the remainder when v is divided by b.
1
Suppose -8*t + 88 + 233 = -119. Suppose 3*p = k + 8, -3*p - 2*k = -p. Suppose o = -p*o + 42. Calculate the remainder when t is divided by o.
13
Let r = -486 + 541. What is the remainder when r is divided by 14?
13
Let r(h) = -h**3 - 4*h**2 - h + 25. What is the remainder when r(-5) is divided by 27?
1
Suppose -5*j + 51 = -3*c, 3*j - 32 = 5*c + 5. What is the remainder when 58 is divided by 2/(j/(-5) + 2)?
8
Let w be (-1850)/(-40) - 1/4. Let n = -11 + w. Calculate the remainder when n is divided by 9.
8
Let g = 177 - 147. What is the remainder when 134 is divided by g?
14
Let l(k) be the first derivative of 3*k**2/2 + 3*k + 1. Let f(s) = -1. Let m(o) = 5*f(o) + l(o). What is the remainder when 45 is divided by m(6)?
13
Let h = -11 + 19. Suppose -276 = -3*y - y. Suppose 2*n + 8*w - 4*w - 46 = 0, -y = -3*n + 5*w. What is the remainder when n is divided by h?
7
What is the remainder when 31 is divided by (-5)/((-12)/12 - 8/(-10))?
6
Let j be (-2)/5*(-25)/(5/1). Suppose g = j*n + 13, 5*g - 5*n = g + 64. Let b = 162 - 79. Calculate the remainder when b is divided by g.
20
Let l = 10 + 0. Let z(m) = -5*m - 59. What is the remainder when z(-17) is divided by l?
6
Suppose 72*p - 6438 = 10122. What is the remainder when p is divided by 18?
14
Let u = -72 - -114. Calculate the remainder when 250 is divided by u.
40
Suppose 5*a + 5*v - 150 = 0, 0 = 5*a + 15*v - 17*v - 129. Calculate the remainder when (-66)/(-8)*16/1 is divided by a.
24
Let g(w) = w + 47. Let d = 105 + -121. Calculate the remainder when g(d) is divided by 8.
7
Let f = -127 - -160. What is the remainder when 156 is divided by f?
24
Let j(k) = -7*k**2 + 7*k + 4. Let s be j(3). Let i = s + 123. Let o = i - 59. Calculate the remainder when 75 is divided by o.
23
Let m(w) = -w**3 + 10*w**2 - 10*w + 8. Let b = -81 - -87. Let x = 102 + -71. What is the remainder when m(b) is divided by x?
30
Suppose 3*u + 154 = 5*u. Let i be u/2*6/(-3). What is the remainder when 26 is divided by (-6)/(-33) + (-679)/i?
8
Let p = 15 + -11. Suppose 61 - 21 = p*l. What is the remainder when 88 is divided by l?
8
Suppose -5*x + 2*x = -12. Suppose 32 = -2*o + 4*r + r, 5*r = 4*o + 54. Calculate the remainder when (2 + (-10)/4)*2*o is divided by x.
3
Suppose 7*t + 144 = 3*i + 4*t, -3*i + 146 = -t. Calculate the remainder when 134 is divided by i.
36
Suppose 0*w + 52 = i - w, i = 3*w + 56. Calculate the remainder when 22 is divided by i/6 + (-5)/15.
6
Let d = -212 + 230. What is the remainder when 34 is divided by d?
16
Suppose -378*y = -364*y - 25816. What is the remainder when y is divided by 13?
11
Suppose 282 = 5*r - 148. Let w be 120/(-32)*(-56)/3. Let h = -41 + w. What is the remainder when r is divided by h?
28
Le